{"id":28113,"date":"2022-06-24T12:47:38","date_gmt":"2022-06-24T10:47:38","guid":{"rendered":"https:\/\/navailles.fr\/?post_type=product&#038;p=28113"},"modified":"2024-01-08T09:12:02","modified_gmt":"2024-01-08T08:12:02","slug":"smart-victor-garni-eshop","status":"publish","type":"product","link":"https:\/\/www.navailles.fr\/en\/product\/smart-victor-upholstered-eshop\/","title":{"rendered":"SMART VICTOR UPHOLSTERED CHAIR"},"content":{"rendered":"<p><strong>MODERN OFFICE CHAIR<\/strong><\/p>\n<p>A futuristic look, straight out of science-fiction movies, for this SMART VICTOR office chair which combines comfort, elegance and ergonomic qualities.<\/p>","protected":false},"excerpt":{"rendered":"<p>This office chair brings flexibility, modernity and lightness. The deliberately pure design makes the SMART VICTOR chair a striking and avant-garde element in the design of your workspace.<\/p>","protected":false},"featured_media":32272,"template":"","meta":{"_acf_changed":false,"content-type":"","site-sidebar-layout":"default","site-content-layout":"default","ast-global-header-display":"","ast-banner-title-visibility":"","ast-main-header-display":"","ast-hfb-above-header-display":"","ast-hfb-below-header-display":"","ast-hfb-mobile-header-display":"","site-post-title":"","ast-breadcrumbs-content":"","ast-featured-img":"","footer-sml-layout":"","theme-transparent-header-meta":"default","adv-header-id-meta":"","stick-header-meta":"default","header-above-stick-meta":"","header-main-stick-meta":"","header-below-stick-meta":""},"product_brand":[],"product_cat":[15],"product_tag":[],"class_list":{"0":"post-28113","1":"product","2":"type-product","3":"status-publish","4":"has-post-thumbnail","6":"product_cat-uncategorized","8":"first","9":"instock","10":"taxable","11":"shipping-taxable","12":"purchasable","13":"product-type-simple"},"acf":[],"yoast_head":"<!-- This site is optimized with the Yoast SEO plugin v27.5 - https:\/\/yoast.com\/product\/yoast-seo-wordpress\/ -->\n<title>SMART VICTOR GARNI - Navailles<\/title>\n<meta name=\"robots\" content=\"index, follow, max-snippet:-1, max-image-preview:large, max-video-preview:-1\" \/>\n<link rel=\"canonical\" href=\"https:\/\/www.navailles.fr\/en\/product\/smart-victor-upholstered-eshop\/\" \/>\n<meta property=\"og:locale\" content=\"en_GB\" \/>\n<meta property=\"og:type\" content=\"article\" \/>\n<meta property=\"og:title\" content=\"SMART VICTOR GARNI - Navailles\" \/>\n<meta property=\"og:description\" content=\"Ce fauteuil de bureau apporte souplesse, modernit\u00e9 et l\u00e9g\u00e8ret\u00e9. Le design volontairement \u00e9pur\u00e9 fait du fauteuil SMART VICTOR un \u00e9l\u00e9ment marquant et avant-gardiste pour l\u2019am\u00e9nagement de vos espaces de travail.\" \/>\n<meta property=\"og:url\" content=\"https:\/\/www.navailles.fr\/en\/product\/smart-victor-upholstered-eshop\/\" \/>\n<meta property=\"og:site_name\" content=\"Navailles\" \/>\n<meta property=\"article:modified_time\" content=\"2024-01-08T08:12:02+00:00\" \/>\n<meta property=\"og:image\" content=\"https:\/\/www.navailles.fr\/wp-content\/uploads\/2021\/09\/smart-victor-garni.png\" \/>\n\t<meta property=\"og:image:width\" content=\"3840\" \/>\n\t<meta property=\"og:image:height\" content=\"2160\" \/>\n\t<meta property=\"og:image:type\" content=\"image\/png\" \/>\n<meta name=\"twitter:card\" content=\"summary_large_image\" \/>\n<meta name=\"twitter:label1\" content=\"Estimated reading time\" \/>\n\t<meta name=\"twitter:data1\" content=\"1 minute\" \/>\n<!-- \/ Yoast SEO plugin. -->","yoast_head_json":{"title":"SMART VICTOR UPHOLSTERED CHAIR - Navailles","robots":{"index":"index","follow":"follow","max-snippet":"max-snippet:-1","max-image-preview":"max-image-preview:large","max-video-preview":"max-video-preview:-1"},"canonical":"https:\/\/www.navailles.fr\/en\/product\/smart-victor-upholstered-eshop\/","og_locale":"en_GB","og_type":"article","og_title":"SMART VICTOR GARNI - Navailles","og_description":"Ce fauteuil de bureau apporte souplesse, modernit\u00e9 et l\u00e9g\u00e8ret\u00e9. Le design volontairement \u00e9pur\u00e9 fait du fauteuil SMART VICTOR un \u00e9l\u00e9ment marquant et avant-gardiste pour l\u2019am\u00e9nagement de vos espaces de travail.","og_url":"https:\/\/www.navailles.fr\/en\/product\/smart-victor-upholstered-eshop\/","og_site_name":"Navailles","article_modified_time":"2024-01-08T08:12:02+00:00","og_image":[{"width":3840,"height":2160,"url":"https:\/\/www.navailles.fr\/wp-content\/uploads\/2021\/09\/smart-victor-garni.png","type":"image\/png"}],"twitter_card":"summary_large_image","twitter_misc":{"Estimated reading time":"1 minute"},"schema":{"@context":"https:\/\/schema.org","@graph":[{"@type":"WebPage","@id":"https:\/\/www.navailles.fr\/product\/smart-victor-garni-eshop\/","url":"https:\/\/www.navailles.fr\/product\/smart-victor-garni-eshop\/","name":"SMART VICTOR UPHOLSTERED CHAIR - Navailles","isPartOf":{"@id":"https:\/\/www.navailles.fr\/#website"},"primaryImageOfPage":{"@id":"https:\/\/www.navailles.fr\/product\/smart-victor-garni-eshop\/#primaryimage"},"image":{"@id":"https:\/\/www.navailles.fr\/product\/smart-victor-garni-eshop\/#primaryimage"},"thumbnailUrl":"https:\/\/www.navailles.fr\/wp-content\/uploads\/2021\/09\/smart-victor-garni.png","datePublished":"2022-06-24T10:47:38+00:00","dateModified":"2024-01-08T08:12:02+00:00","breadcrumb":{"@id":"https:\/\/www.navailles.fr\/product\/smart-victor-garni-eshop\/#breadcrumb"},"inLanguage":"en-GB","potentialAction":[{"@type":"ReadAction","target":["https:\/\/www.navailles.fr\/product\/smart-victor-garni-eshop\/"]}]},{"@type":"ImageObject","inLanguage":"en-GB","@id":"https:\/\/www.navailles.fr\/product\/smart-victor-garni-eshop\/#primaryimage","url":"https:\/\/www.navailles.fr\/wp-content\/uploads\/2021\/09\/smart-victor-garni.png","contentUrl":"https:\/\/www.navailles.fr\/wp-content\/uploads\/2021\/09\/smart-victor-garni.png","width":3840,"height":2160},{"@type":"BreadcrumbList","@id":"https:\/\/www.navailles.fr\/product\/smart-victor-garni-eshop\/#breadcrumb","itemListElement":[{"@type":"ListItem","position":1,"name":"Accueil","item":"https:\/\/www.navailles.fr\/"},{"@type":"ListItem","position":2,"name":"Boutique","item":"https:\/\/teletravail.navailles.fr\/"},{"@type":"ListItem","position":3,"name":"SMART VICTOR GARNI"}]},{"@type":"WebSite","@id":"https:\/\/www.navailles.fr\/#website","url":"https:\/\/www.navailles.fr\/","name":"Navailles","description":"Fabricant de fauteuils m\u00e9dicalis\u00e9s, si\u00e8ges de bureau et tabourets techniques","publisher":{"@id":"https:\/\/www.navailles.fr\/#organization"},"potentialAction":[{"@type":"SearchAction","target":{"@type":"EntryPoint","urlTemplate":"https:\/\/www.navailles.fr\/?s={search_term_string}"},"query-input":{"@type":"PropertyValueSpecification","valueRequired":true,"valueName":"search_term_string"}}],"inLanguage":"en-GB"},{"@type":"Organization","@id":"https:\/\/www.navailles.fr\/#organization","name":"Navailles","url":"https:\/\/www.navailles.fr\/","logo":{"@type":"ImageObject","inLanguage":"en-GB","@id":"https:\/\/www.navailles.fr\/#\/schema\/logo\/image\/","url":"https:\/\/www.navailles.fr\/wp-content\/uploads\/2021\/10\/logo_site_navailles1_Plan-de-travail-1.png","contentUrl":"https:\/\/www.navailles.fr\/wp-content\/uploads\/2021\/10\/logo_site_navailles1_Plan-de-travail-1.png","width":375,"height":125,"caption":"Navailles"},"image":{"@id":"https:\/\/www.navailles.fr\/#\/schema\/logo\/image\/"}}]}},"_links":{"self":[{"href":"https:\/\/www.navailles.fr\/en\/wp-json\/wp\/v2\/product\/28113","targetHints":{"allow":["GET"]}}],"collection":[{"href":"https:\/\/www.navailles.fr\/en\/wp-json\/wp\/v2\/product"}],"about":[{"href":"https:\/\/www.navailles.fr\/en\/wp-json\/wp\/v2\/types\/product"}],"wp:featuredmedia":[{"embeddable":true,"href":"https:\/\/www.navailles.fr\/en\/wp-json\/wp\/v2\/media\/32272"}],"wp:attachment":[{"href":"https:\/\/www.navailles.fr\/en\/wp-json\/wp\/v2\/media?parent=28113"}],"wp:term":[{"taxonomy":"product_brand","embeddable":true,"href":"https:\/\/www.navailles.fr\/en\/wp-json\/wp\/v2\/product_brand?post=28113"},{"taxonomy":"product_cat","embeddable":true,"href":"https:\/\/www.navailles.fr\/en\/wp-json\/wp\/v2\/product_cat?post=28113"},{"taxonomy":"product_tag","embeddable":true,"href":"https:\/\/www.navailles.fr\/en\/wp-json\/wp\/v2\/product_tag?post=28113"}],"curies":[{"name":"wp","href":"https:\/\/api.w.org\/{rel}","templated":true}]}}

<!-- This site is optimized with the Yoast SEO plugin v27.5 - https://yoast.com/product/yoast-seo-wordpress/ -->
<title>SMART VICTOR GARNI - Navailles</title>
<meta name="robots" content="index, follow, max-snippet:-1, max-image-preview:large, max-video-preview:-1" />
<link rel="canonical" href="https://www.navailles.fr/en/product/smart-victor-upholstered-eshop/" />
<meta property="og:locale" content="en_GB" />
<meta property="og:type" content="article" />
<meta property="og:title" content="SMART VICTOR GARNI - Navailles" />
<meta property="og:description" content="Ce fauteuil de bureau apporte souplesse, modernité et légèreté. Le design volontairement épuré fait du fauteuil SMART VICTOR un élément marquant et avant-gardiste pour l’aménagement de vos espaces de travail." />
<meta property="og:url" content="https://www.navailles.fr/en/product/smart-victor-upholstered-eshop/" />
<meta property="og:site_name" content="Navailles" />
<meta property="article:modified_time" content="2024-01-08T08:12:02+00:00" />
<meta property="og:image" content="https://www.navailles.fr/wp-content/uploads/2021/09/smart-victor-garni.png" />
	<meta property="og:image:width" content="3840" />
	<meta property="og:image:height" content="2160" />
	<meta property="og:image:type" content="image/png" />
<meta name="twitter:card" content="summary_large_image" />
<meta name="twitter:label1" content="Estimated reading time" />
	<meta name="twitter:data1" content="1 minute" />
<!-- / Yoast SEO plugin. -->

Ce fauteuil de bureau apporte souplesse, modernité et légèreté. Le design volontairement épuré fait du fauteuil SMART VICTOR un élément marquant et avant-gardiste pour l’aménagement de vos espaces de travail.

Fabricant de fauteuils médicalisés, sièges de bureau et tabourets techniques
