{"id":26895,"date":"2021-09-08T10:25:39","date_gmt":"2021-09-08T08:25:39","guid":{"rendered":"https:\/\/navailles.fr\/?post_type=product&#038;p=26895"},"modified":"2025-08-27T11:06:13","modified_gmt":"2025-08-27T09:06:13","slug":"koncept-polyurethane-esd","status":"publish","type":"product","link":"https:\/\/www.navailles.fr\/en\/product\/koncept-polyurethane-esd\/","title":{"rendered":"KONCEPT POLYURETHANE ESD"},"content":{"rendered":"<p><strong>SI\u00c8GE TECHNIQUE ERGONOMIQUE POUR SALLES PROPRES<\/strong><br \/>\nCon\u00e7u pour allier libert\u00e9 de mouvement, confort avanc\u00e9 et conformit\u00e9 aux normes les plus strictes, le si\u00e8ge Koncept en version polyur\u00e9thane ESD est l\u2019alli\u00e9 id\u00e9al des environnements contr\u00f4l\u00e9s.<\/p>","protected":false},"excerpt":{"rendered":"<p>Thanks to its original design, Koncept favors mobility by limiting compression zones, which results in a clear reduction of MSD (musculoskeletal disorders). Koncept thus brings a real added value in terms of comfort and ergonomics. The ESD polyurethane versions, due to their assembly and construction principle, are perfectly adapted to the use in clean rooms and benefit from the ISO 3 certification.<\/p>","protected":false},"featured_media":37380,"template":"","meta":{"_acf_changed":false,"content-type":"","site-sidebar-layout":"default","site-content-layout":"default","ast-global-header-display":"","ast-banner-title-visibility":"","ast-main-header-display":"","ast-hfb-above-header-display":"","ast-hfb-below-header-display":"","ast-hfb-mobile-header-display":"","site-post-title":"","ast-breadcrumbs-content":"","ast-featured-img":"","footer-sml-layout":"","theme-transparent-header-meta":"default","adv-header-id-meta":"","stick-header-meta":"default","header-above-stick-meta":"","header-main-stick-meta":"","header-below-stick-meta":""},"product_brand":[],"product_cat":[63,64],"product_tag":[],"class_list":{"0":"post-26895","1":"product","2":"type-product","3":"status-publish","4":"has-post-thumbnail","6":"product_cat-laboratoire","7":"product_cat-salles-blanches","9":"first","10":"instock","11":"taxable","12":"shipping-taxable","13":"product-type-simple"},"acf":[],"yoast_head":"<!-- This site is optimized with the Yoast SEO plugin v27.5 - https:\/\/yoast.com\/product\/yoast-seo-wordpress\/ -->\n<title>Chaise de laboratoire Koncept polyurethane ESD | Navailles<\/title>\n<meta name=\"description\" content=\"Chaise de laboratoire Koncept polyurethane ESD personnalisable Navailles, fabricant fran\u00e7ais d&#039;assises techniques pour les professionnels !\" \/>\n<meta name=\"robots\" content=\"index, follow, max-snippet:-1, max-image-preview:large, max-video-preview:-1\" \/>\n<link rel=\"canonical\" href=\"https:\/\/www.navailles.fr\/en\/product\/koncept-polyurethane-esd\/\" \/>\n<meta property=\"og:locale\" content=\"en_GB\" \/>\n<meta property=\"og:type\" content=\"article\" \/>\n<meta property=\"og:title\" content=\"Chaise de laboratoire Koncept polyurethane ESD | Navailles\" \/>\n<meta property=\"og:description\" content=\"Chaise de laboratoire Koncept polyurethane ESD personnalisable Navailles, fabricant fran\u00e7ais d&#039;assises techniques pour les professionnels !\" \/>\n<meta property=\"og:url\" content=\"https:\/\/www.navailles.fr\/en\/product\/koncept-polyurethane-esd\/\" \/>\n<meta property=\"og:site_name\" content=\"Navailles\" \/>\n<meta property=\"article:modified_time\" content=\"2025-08-27T09:06:13+00:00\" \/>\n<meta property=\"og:image\" content=\"https:\/\/www.navailles.fr\/wp-content\/uploads\/2021\/09\/chaise_de_laboratoire_salle_blanche_ESD_NAVAILLES.png\" \/>\n\t<meta property=\"og:image:width\" content=\"1000\" \/>\n\t<meta property=\"og:image:height\" content=\"1000\" \/>\n\t<meta property=\"og:image:type\" content=\"image\/png\" \/>\n<meta name=\"twitter:card\" content=\"summary_large_image\" \/>\n<meta name=\"twitter:label1\" content=\"Estimated reading time\" \/>\n\t<meta name=\"twitter:data1\" content=\"1 minute\" \/>\n<!-- \/ Yoast SEO plugin. -->","yoast_head_json":{"title":"Chaise de laboratoire Koncept polyurethane ESD | Navailles","description":"Chaise de laboratoire Koncept polyurethane ESD personnalisable Navailles, fabricant fran\u00e7ais d'assises techniques pour les professionnels !","robots":{"index":"index","follow":"follow","max-snippet":"max-snippet:-1","max-image-preview":"max-image-preview:large","max-video-preview":"max-video-preview:-1"},"canonical":"https:\/\/www.navailles.fr\/en\/product\/koncept-polyurethane-esd\/","og_locale":"en_GB","og_type":"article","og_title":"Chaise de laboratoire Koncept polyurethane ESD | Navailles","og_description":"Chaise de laboratoire Koncept polyurethane ESD personnalisable Navailles, fabricant fran\u00e7ais d'assises techniques pour les professionnels !","og_url":"https:\/\/www.navailles.fr\/en\/product\/koncept-polyurethane-esd\/","og_site_name":"Navailles","article_modified_time":"2025-08-27T09:06:13+00:00","og_image":[{"width":1000,"height":1000,"url":"https:\/\/www.navailles.fr\/wp-content\/uploads\/2021\/09\/chaise_de_laboratoire_salle_blanche_ESD_NAVAILLES.png","type":"image\/png"}],"twitter_card":"summary_large_image","twitter_misc":{"Estimated reading time":"1 minute"},"schema":{"@context":"https:\/\/schema.org","@graph":[{"@type":"WebPage","@id":"https:\/\/www.navailles.fr\/product\/koncept-polyurethane-esd\/","url":"https:\/\/www.navailles.fr\/product\/koncept-polyurethane-esd\/","name":"Chaise de laboratoire Koncept polyurethane ESD | Navailles","isPartOf":{"@id":"https:\/\/www.navailles.fr\/#website"},"primaryImageOfPage":{"@id":"https:\/\/www.navailles.fr\/product\/koncept-polyurethane-esd\/#primaryimage"},"image":{"@id":"https:\/\/www.navailles.fr\/product\/koncept-polyurethane-esd\/#primaryimage"},"thumbnailUrl":"https:\/\/www.navailles.fr\/wp-content\/uploads\/2021\/09\/chaise_de_laboratoire_salle_blanche_ESD_NAVAILLES.png","datePublished":"2021-09-08T08:25:39+00:00","dateModified":"2025-08-27T09:06:13+00:00","description":"Chaise de laboratoire Koncept polyurethane ESD personnalisable Navailles, fabricant fran\u00e7ais d'assises techniques pour les professionnels !","breadcrumb":{"@id":"https:\/\/www.navailles.fr\/product\/koncept-polyurethane-esd\/#breadcrumb"},"inLanguage":"en-GB","potentialAction":[{"@type":"ReadAction","target":["https:\/\/www.navailles.fr\/product\/koncept-polyurethane-esd\/"]}]},{"@type":"ImageObject","inLanguage":"en-GB","@id":"https:\/\/www.navailles.fr\/product\/koncept-polyurethane-esd\/#primaryimage","url":"https:\/\/www.navailles.fr\/wp-content\/uploads\/2021\/09\/chaise_de_laboratoire_salle_blanche_ESD_NAVAILLES.png","contentUrl":"https:\/\/www.navailles.fr\/wp-content\/uploads\/2021\/09\/chaise_de_laboratoire_salle_blanche_ESD_NAVAILLES.png","width":1000,"height":1000,"caption":"chaise de laboratoire pour les salles blanches navailles"},{"@type":"BreadcrumbList","@id":"https:\/\/www.navailles.fr\/product\/koncept-polyurethane-esd\/#breadcrumb","itemListElement":[{"@type":"ListItem","position":1,"name":"Accueil","item":"https:\/\/www.navailles.fr\/"},{"@type":"ListItem","position":2,"name":"Boutique","item":"https:\/\/teletravail.navailles.fr\/"},{"@type":"ListItem","position":3,"name":"KONCEPT POLYURETHANE ESD"}]},{"@type":"WebSite","@id":"https:\/\/www.navailles.fr\/#website","url":"https:\/\/www.navailles.fr\/","name":"Navailles","description":"Fabricant de fauteuils m\u00e9dicalis\u00e9s, si\u00e8ges de bureau et tabourets techniques","publisher":{"@id":"https:\/\/www.navailles.fr\/#organization"},"potentialAction":[{"@type":"SearchAction","target":{"@type":"EntryPoint","urlTemplate":"https:\/\/www.navailles.fr\/?s={search_term_string}"},"query-input":{"@type":"PropertyValueSpecification","valueRequired":true,"valueName":"search_term_string"}}],"inLanguage":"en-GB"},{"@type":"Organization","@id":"https:\/\/www.navailles.fr\/#organization","name":"Navailles","url":"https:\/\/www.navailles.fr\/","logo":{"@type":"ImageObject","inLanguage":"en-GB","@id":"https:\/\/www.navailles.fr\/#\/schema\/logo\/image\/","url":"https:\/\/www.navailles.fr\/wp-content\/uploads\/2021\/10\/logo_site_navailles1_Plan-de-travail-1.png","contentUrl":"https:\/\/www.navailles.fr\/wp-content\/uploads\/2021\/10\/logo_site_navailles1_Plan-de-travail-1.png","width":375,"height":125,"caption":"Navailles"},"image":{"@id":"https:\/\/www.navailles.fr\/#\/schema\/logo\/image\/"}}]}},"_links":{"self":[{"href":"https:\/\/www.navailles.fr\/en\/wp-json\/wp\/v2\/product\/26895","targetHints":{"allow":["GET"]}}],"collection":[{"href":"https:\/\/www.navailles.fr\/en\/wp-json\/wp\/v2\/product"}],"about":[{"href":"https:\/\/www.navailles.fr\/en\/wp-json\/wp\/v2\/types\/product"}],"wp:featuredmedia":[{"embeddable":true,"href":"https:\/\/www.navailles.fr\/en\/wp-json\/wp\/v2\/media\/37380"}],"wp:attachment":[{"href":"https:\/\/www.navailles.fr\/en\/wp-json\/wp\/v2\/media?parent=26895"}],"wp:term":[{"taxonomy":"product_brand","embeddable":true,"href":"https:\/\/www.navailles.fr\/en\/wp-json\/wp\/v2\/product_brand?post=26895"},{"taxonomy":"product_cat","embeddable":true,"href":"https:\/\/www.navailles.fr\/en\/wp-json\/wp\/v2\/product_cat?post=26895"},{"taxonomy":"product_tag","embeddable":true,"href":"https:\/\/www.navailles.fr\/en\/wp-json\/wp\/v2\/product_tag?post=26895"}],"curies":[{"name":"wp","href":"https:\/\/api.w.org\/{rel}","templated":true}]}}

<p><strong>SIÈGE TECHNIQUE ERGONOMIQUE POUR SALLES PROPRES</strong><br />
Conçu pour allier liberté de mouvement, confort avancé et conformité aux normes les plus strictes, le siège Koncept en version polyuréthane ESD est l’allié idéal des environnements contrôlés.</p>

<!-- This site is optimized with the Yoast SEO plugin v27.5 - https://yoast.com/product/yoast-seo-wordpress/ -->
<title>Chaise de laboratoire Koncept polyurethane ESD | Navailles</title>
<meta name="description" content="Chaise de laboratoire Koncept polyurethane ESD personnalisable Navailles, fabricant français d&#039;assises techniques pour les professionnels !" />
<meta name="robots" content="index, follow, max-snippet:-1, max-image-preview:large, max-video-preview:-1" />
<link rel="canonical" href="https://www.navailles.fr/en/product/koncept-polyurethane-esd/" />
<meta property="og:locale" content="en_GB" />
<meta property="og:type" content="article" />
<meta property="og:title" content="Chaise de laboratoire Koncept polyurethane ESD | Navailles" />
<meta property="og:description" content="Chaise de laboratoire Koncept polyurethane ESD personnalisable Navailles, fabricant français d&#039;assises techniques pour les professionnels !" />
<meta property="og:url" content="https://www.navailles.fr/en/product/koncept-polyurethane-esd/" />
<meta property="og:site_name" content="Navailles" />
<meta property="article:modified_time" content="2025-08-27T09:06:13+00:00" />
<meta property="og:image" content="https://www.navailles.fr/wp-content/uploads/2021/09/chaise_de_laboratoire_salle_blanche_ESD_NAVAILLES.png" />
	<meta property="og:image:width" content="1000" />
	<meta property="og:image:height" content="1000" />
	<meta property="og:image:type" content="image/png" />
<meta name="twitter:card" content="summary_large_image" />
<meta name="twitter:label1" content="Estimated reading time" />
	<meta name="twitter:data1" content="1 minute" />
<!-- / Yoast SEO plugin. -->

Chaise de laboratoire Koncept polyurethane ESD personnalisable Navailles, fabricant français d'assises techniques pour les professionnels !

Fabricant de fauteuils médicalisés, sièges de bureau et tabourets techniques
